NOAA-Style Climate Reports


Report for 2022 September
                  MONTHLY CLIMATOLOGICAL SUMMARY FOR 9/2022
                                        HEAT  COOL        
     MEAN                               DEG   DEG       WIND SPEED       DOM MEAN  MEAN
DAY  TEMP  HIGH   TIME     LOW   TIME   DAYS  DAYS RAIN AVG  HI  TIME    DIR BAROM HUM
---------------------------------------------------------------------------------------
1    62.3  73.8  12:08pm  49.9   5:48am    5    2  0.00   1   5   2:41pm   S 29.99   76
2    75.0  87.3   2:57pm  65.5   6:10am    0   10  0.00   2  15   1:21pm   S 29.95   72
3    69.8  75.4   1:22pm  63.1  11:56pm    0    5  0.43   1   9   3:09pm  NE 30.09   81
4    58.0  63.1  12:00am  49.4  11:53pm    7    0  0.00   2  14  12:26am  NE 30.26   78
5    58.3  69.5   3:18pm  48.1   2:44am    7    1  0.00   1   7   8:24am SSE 30.20   84
6    59.6  70.3  12:11pm  49.7   7:13am    7    1  0.00   1   5  11:19am   S 30.19   89
7    62.4  76.4   4:36pm  50.5   7:03am    5    3  0.00   1   4  11:12am   S 30.13   85
8    64.4  74.5   4:13pm  54.1   7:39am    3    3  0.00   1   6   2:40pm   S 29.98   86
9    69.2  87.0   3:46pm  60.2   7:11am    1    5  0.00   1  13   1:11pm SSE 29.91   79
10   67.8  79.1  11:28am  60.3   3:55am    1    4  0.00   1   8  10:55pm SSE 30.02   85
11   65.0  67.7   6:45pm  63.1   2:08am    1    1  0.00   1   8  12:25am  NE 30.01   90
12   64.9  66.7   7:08am  62.9   8:26pm    0    0  0.87   2  15  11:30am  SE 29.80   95
13   65.5  72.2   3:45pm  61.4  11:59pm    1    1  0.13   1   9  12:12am  NE 29.81   95
14   61.8  66.2   4:02pm  58.1  11:44pm    3    0  0.00   1   9   3:23am NNE 30.11   79
15   60.5  71.5   3:20pm  49.0   7:08am    6    1  0.01   1  12  12:12pm SSE 30.23   79
16   64.8  69.5  11:22am  62.5  12:00am    1    0  0.00   2  19   1:58pm SSE 30.11   92
17   71.6  84.3   3:31pm  62.9   7:50am    0    7  0.00   2  13   1:30pm SSE 29.99   81
18   70.9  79.2   3:18pm  67.0   8:15am    0    6  0.00   1  10  12:13pm   S 29.84   86
19   67.0  73.5   2:27pm  59.3  11:56pm    1    3  0.00   1  10   1:56pm  NE 29.88   86
20   64.8  80.0   1:56pm  56.1   3:49am    3    3  0.00   1   9  12:24pm SSE 29.93   89
21   65.6  74.4   1:53pm  55.5  11:57pm    1    2  0.00   2  14   3:31pm SSE 29.75   80
22   52.4  56.1   3:44pm  50.3  10:12am   13    0  0.04   3  21  12:50pm NNE 30.05   80
23   52.2  63.6   2:47pm  42.4   5:30am   13    0  0.00   1   9   2:49pm SSE 30.22   78
24   50.8  53.9  10:16am  48.5   8:13am   14    0  0.12   1   8  11:15am SSE 29.96   90
25   53.3  54.4   6:25am  51.6  12:00am   12    0  0.20   1  12   7:41pm NNE 29.64   96
26   55.1  59.4   2:33pm  52.4  11:57pm   10    0  0.32   2  21   1:36pm NNE 29.63   92
27   52.6  52.8   2:23am  52.3  12:12am    2    0  0.07   2  11  12:32am  NE 29.77   95
---------------------------------------------------------------------------------------
TOT  62.7  87.3   9/2/22  42.4  9/23/22  118   59  2.19   1  21  9/26/22 SSE 29.99   85

HEAT BASE: 65.0
COOL BASE: 65.0