NOAA style reports
NOAA-style Climate Reports
2024: Jan | Feb | Mar | Apr | May | Jun | Jul | Aug | Sep | Oct | Nov | Dec
2023: Jan | Feb | Mar | Apr | May | Jun | Jul | Aug | Sep | Oct | Nov | Dec
2022: Jan | Feb | Mar | Apr | May | Jun | Jul | Aug | Sep | Oct | Nov | Dec
2021: Jan | Feb | Mar | Apr | May | Jun | Jul | Aug | Sep | Oct | Nov | Dec
2020: Jan | Feb | Mar | Apr | May | Jun | Jul | Aug | Sep | Oct | Nov | Dec
2019: Jan | Feb | Mar | Apr | May | Jun | Jul | Aug | Sep | Oct | Nov | Dec
2018: Jan | Feb | Mar | Apr | May | Jun | Jul | Aug | Sep | Oct | Nov | Dec
2017: Jan | Feb | Mar | Apr | May | Jun | Jul | Aug | Sep | Oct | Nov | Dec
2016: Jan | Feb | Mar | Apr | May | Jun | Jul | Aug | Sep | Oct | Nov | Dec
2015: Jan | Feb | Mar | Apr | May | Jun | Jul | Aug | Sep | Oct | Nov | Dec
Report for 2024 03
MONTHLY CLIMATOLOGICAL SUMMARY FOR 3/2024
HEAT COOL
MEAN DEG DEG WIND SPEED DOM MEAN MEAN
DAY TEMP HIGH TIME LOW TIME DAYS DAYS RAIN AVG HI TIME DIR BAROM HUM
---------------------------------------------------------------------------------------
1 34.7 53.6 2:29pm 18.0 7:20am 30 0 0.10 3 16 11:06am SE 30.18 62
2 37.5 51.8 1:02pm 29.3 1:48am 27 0 0.00 3 13 11:56am SSE 30.09 75
3 38.2 50.5 12:21pm 28.9 3:54am 27 0 0.00 3 20 1:51pm SSE 30.05 89
4 42.1 49.1 12:42pm 37.6 8:39am 23 0 0.01 3 12 12:06am NE 29.96 89
5 37.6 44.0 2:20pm 28.5 11:58pm 27 0 0.59 2 9 8:15pm N 30.08 90
6 33.6 44.2 3:38pm 26.3 7:00am 31 0 0.00 2 10 3:24pm NE 30.23 80
7 36.2 40.4 2:41pm 32.3 12:00am 29 0 0.00 4 17 11:42am SE 30.25 78
8 36.6 44.1 11:05am 32.0 4:49am 28 0 0.33 2 12 1:54pm SE 30.09 87
9 33.9 36.7 12:57pm 28.9 11:55pm 31 0 0.30 2 13 5:05pm N 29.72 95
10 30.5 35.9 2:36pm 25.2 5:43am 33 0 0.15 5 22 12:26pm N 29.94 85
11 33.1 48.6 1:34pm 23.8 5:18am 32 0 0.01 2 12 4:01pm S 29.98 81
12 36.0 46.5 11:45am 28.6 12:00am 28 0 0.00 3 20 2:51pm SSE 29.77 89
13 39.6 55.0 2:54pm 30.2 2:05am 25 0 0.00 2 10 2:04pm SSW 29.90 81
14 35.8 42.6 3:22pm 28.9 6:47am 29 0 0.00 2 8 7:57pm S 30.05 87
15 34.9 43.9 3:58pm 28.3 6:48am 30 0 0.00 3 9 7:55am N 30.06 82
16 40.0 52.6 12:01pm 34.2 12:00am 25 0 0.00 3 22 10:53am S 29.60 74
17 31.1 34.8 12:00am 27.3 8:54pm 34 0 0.01 3 18 5:32am NW 29.71 85
18 29.1 33.2 2:19pm 26.8 10:56pm 34 0 0.03 4 18 9:28am N 29.95 81
---------------------------------------------------------------------------------------
TOT 35.6 55.0 3/13/24 18.0 3/1/24 526 0 1.53 3 22 3/10/24 SSE 29.98 83
HEAT BASE: 65.0
COOL BASE: 65.0