NOAA-Style Climate Reports


Report for 2020 November
                  MONTHLY CLIMATOLOGICAL SUMMARY FOR 11/2020
                                        HEAT  COOL        
     MEAN                               DEG   DEG       WIND SPEED       DOM MEAN  MEAN
DAY  TEMP  HIGH   TIME     LOW   TIME   DAYS  DAYS RAIN AVG  HI  TIME    DIR BAROM HUM
---------------------------------------------------------------------------------------
1    37.4  50.2  12:29am  32.8  11:02pm   27    0  0.14   5  35   5:45pm   N 29.82   85
2    39.2  47.1   2:06pm  30.3   6:34am   26    0  0.00   4  24   1:16pm SSW 30.00   74
3    43.3  50.3   1:30pm  38.6   7:47am   22    0  0.00   1  11  11:43pm   E 29.97   82
4    54.5  68.0   3:04pm  44.6   8:38pm   11    0  0.00   2  11   2:09am SSW 29.93   71
5    52.3  59.7  12:37pm  40.4  11:56pm   13    0  0.00   2  15   1:25am   S 30.01   79
6    54.9  71.8   2:19pm  38.8  12:44am   11    1  0.00   2  14   3:35pm   S 30.02   72
7    62.3  71.7   1:52pm  54.3  11:03pm    4    1  0.00   3  16   2:49pm SSW 30.03   73
8    60.2  72.8   2:26pm  47.8   6:26am    6    2  0.00   2  14  12:28pm   S 30.18   75
9    67.7  77.7   1:48pm  61.6   8:01am    1    4  0.00   3  12   5:01pm   S 30.01   68
10   53.2  67.3  12:19am  44.0   7:24pm   12    0  1.25   2  12  12:28am   N 29.72   89
11   41.4  52.1   2:48am  33.0  10:33pm   23    0  0.01   3  30   6:54am SSW 29.84   82
12   40.6  52.0   2:28pm  33.5   1:28am   24    0  0.00   2  14  10:30am   S 30.08   79
13   37.9  40.6  12:33am  35.0  11:20pm   27    0  0.01   2  15   6:36am   N 30.03   82
14   36.4  42.7   3:53pm  29.2   6:57am   29    0  0.00   2  18  11:23pm   S 30.07   68
15   42.5  50.1   1:22pm  37.6   7:03pm   22    0  0.74   5  23   9:49pm SSE 29.30   89
16   34.8  38.4  12:42am  33.1  10:09pm   30    0  0.01   4  22  12:03am  SW 29.87   79
17   30.6  34.0  12:00am  28.8   1:12pm   34    0  0.00   5  19   3:48am NNW 30.28   79
18   34.3  40.4   2:37pm  28.4   8:50am   31    0  0.00   2  12  12:41am   S 30.38   69
19   47.0  57.7   2:03pm  38.8   5:23am   18    0  0.00   2  19  12:32pm SSW 29.88   63
20   40.1  45.4  12:00am  36.6  11:31pm   25    0  0.00   2  14   2:06pm NNW 30.11   87
21   32.5  36.6  12:00am  25.7  10:05pm   32    0  0.00   2  12  12:57am   N 30.53   74
22   31.8  41.4   2:22pm  25.9   1:32am   33    0  0.00   2  10  11:00am   S 30.30   83
23   32.6  37.5   7:31am  28.1  11:49pm   32    0  0.01   3  14   7:15am NNW 30.22   86
24   30.6  33.9   3:24pm  27.4   5:37am   34    0  0.00   2  12  11:25am  SE 30.30   81
25   37.0  41.2   8:14pm  32.6   3:11am   28    0  0.14   2  12   7:47pm ENE 29.96   93
26   41.0  43.8   1:35pm  38.6   9:21am   24    0  0.02   1  15   7:32pm  SW 29.90   91
27   39.0  41.9   1:22pm  35.9   7:40pm   23    0  0.02   1  10   1:43pm SSW 30.02   85
---------------------------------------------------------------------------------------
TOT  42.8  77.7  11/9/20  25.7 11/21/20  603    8  2.35   2  35  11/1/20   S 30.03   79

HEAT BASE: 65.0
COOL BASE: 65.0