NOAA-Style Climate Reports


Report for 2021 October
                  MONTHLY CLIMATOLOGICAL SUMMARY FOR 10/2021
                                        HEAT  COOL        
     MEAN                               DEG   DEG       WIND SPEED       DOM MEAN  MEAN
DAY  TEMP  HIGH   TIME     LOW   TIME   DAYS  DAYS RAIN AVG  HI  TIME    DIR BAROM HUM
---------------------------------------------------------------------------------------
1    57.2  64.8   2:38pm  49.8   7:11am    8    0  0.00   0   5   1:29am   S 30.19   92
2    62.3  70.7   1:11pm  57.1   6:35am    3    1  0.09   0   5   2:06am NNE 29.96   92
3    60.9  61.7  12:11am  59.4  11:51pm    4    0  0.08   0   6   7:52pm   E 29.87   98
4    58.9  62.4   3:33pm  56.3  10:30pm    6    0  0.01   0   7   7:18am ENE 30.03   96
5    57.3  61.1   3:20pm  52.6  11:56pm    8    0  0.00   0   1   4:05pm   N 30.29   97
6    55.2  64.4   1:08pm  46.4   8:20am   10    0  0.00   0   5   1:00pm   E 30.37   94
7    58.0  63.4   1:21pm  50.8   5:32am    7    0  0.00   0   6   1:34pm ENE 30.25   95
8    61.3  63.8   1:32pm  59.3  12:56am    4    0  0.03   0   5   4:59pm ESE 30.09   97
9    62.5  66.8   4:41pm  58.8  11:52pm    3    0  0.44   0   5   6:20pm  NE 29.96   96
10   64.8  75.4   2:36pm  57.3   6:32am    3    2  0.01   0   9   2:45pm SSE 29.82   94
11   69.7  78.7   1:43pm  63.8  11:22pm    0    5  0.00   0  10  11:19am SSE 29.73   87
12   64.6  67.5   1:29am  61.0  11:53pm    1    0  0.11   0   6  12:59am SSE 29.78   95
13   60.5  64.4   2:47pm  58.0   5:25am    4    0  0.01   0   7  12:09am NNE 29.91   96
14   61.7  67.7   2:36pm  54.5  10:38pm    4    1  0.02   0   8   5:04pm   S 29.84   92
15   55.5  64.5   2:01pm  48.3   9:00am   10    0  0.00   0  10   2:22am NNE 29.87   87
16   52.7  58.7   1:39pm  49.2   5:42pm   12    0  0.15   1  12   6:39pm   N 29.81   85
17   53.5  60.2   1:05pm  48.6   5:13am   11    0  0.00   1  14   3:20pm   N 29.93   78
18   51.0  61.0   2:42pm  40.3   8:47am   14    0  0.00   0   8  12:06am   N 30.07   80
19   57.1  72.7   2:41pm  46.2  12:00am    9    1  0.00   0  12   5:25pm   S 30.02   78
20   57.0  62.6  12:07pm  52.9  11:10pm    8    0  0.17   0  10   3:21am SSE 29.99   87
21   48.9  54.3   4:48am  40.7  11:59pm   16    0  0.47   0   0  12:00am   N 29.88   91
22   42.6  48.9   2:48pm  38.5   8:47am   22    0  0.00   0   0  12:00am   N 30.05   79
23   44.3  52.3   1:50pm  38.8   8:53am   21    0  0.13   0   0  12:00am   N 30.02   85
24   42.4  50.1   2:18pm  38.0   8:37am   14    0  0.02   0   0  12:00am   N 30.04   94
---------------------------------------------------------------------------------------
TOT  56.9  78.7 10/11/21  38.0 10/24/21  202   10  1.74   0  14 10/17/21   N 29.99   90

HEAT BASE: 65.0
COOL BASE: 65.0