NOAA-Style Climate Reports

Select a Year or Month report
2021: Jan Feb Mar Apr May Jun Jul Aug Sep Oct Nov Dec
2020: Jan Feb Mar Apr May Jun Jul Aug Sep Oct Nov Dec
2019: Jan Feb Mar Apr May Jun Jul Aug Sep Oct Nov Dec
2018: Jan Feb Mar Apr May Jun Jul Aug Sep Oct Nov Dec
2017: Jan Feb Mar Apr May Jun Jul Aug Sep Oct Nov Dec
2016: Jan Feb Mar Apr May Jun Jul Aug Sep Oct Nov Dec
2015: Jan Feb Mar Apr May Jun Jul Aug Sep Oct Nov Dec

Report for 2021 May
                  MONTHLY CLIMATOLOGICAL SUMMARY FOR 5/2021
                                        HEAT  COOL        
     MEAN                               DEG   DEG       WIND SPEED       DOM MEAN  MEAN
DAY  TEMP  HIGH   TIME     LOW   TIME   DAYS  DAYS RAIN AVG  HI  TIME    DIR BAROM HUM
---------------------------------------------------------------------------------------
1    44.7  62.5   7:08pm  30.7   3:03am   20    0  0.00   2  16   6:33pm   S 29.83   65
2    46.7  55.5   9:50am  42.5   1:20am   18    0  0.09   3  15  12:00pm ENE 29.69   81
3    42.5  44.3  12:31am  41.3   7:11pm   22    0  0.64   3  13  12:22pm   E 29.73   97
4    42.7  45.8   3:22pm  40.6   4:12am   22    0  0.18   1  12  12:25am NNW 29.77   96
5    44.1  52.4   3:12pm  38.5  10:59pm   21    0  0.00   2  12   9:02am   N 30.03   84
6    41.7  51.5   1:36pm  31.0   4:51am   23    0  0.00   1   8  12:00am   N 30.12   80
7    38.0  42.5   1:03pm  31.3   5:36am   27    0  0.16   0   8   1:58pm   N 30.01   90
8    42.2  53.0   3:01pm  33.0   5:03am   23    0  0.00   1   8  10:53am   N 30.09   81
9    41.7  53.9   4:29pm  30.3   6:39am   23    0  0.00   2  11  10:07pm   N 30.05   78
10   43.4  52.2   3:48pm  36.3   5:21am   22    0  0.00   2  13  11:20pm NNW 30.11   78
11   44.4  54.1   4:22pm  36.9   6:32am   21    0  0.00   2  15  11:52am NNW 30.25   77
12   47.7  60.0   3:14pm  39.1   3:20am   17    0  0.00   1   9   9:23am   N 30.42   69
13   48.9  61.7   4:48pm  34.3   6:16am   16    0  0.00   1   8   1:31pm NNW 30.37   59
14   50.4  61.8   6:03pm  38.8   6:32am   15    0  0.00   1   8  12:45pm ENE 30.26   66
15   53.3  73.1  12:34pm  39.2   6:38am   12    0  0.00   1  12  11:37am ENE 30.22   64
16   51.1  58.3   9:47am  43.1  11:53pm   14    0  0.00   1  11   5:15pm ENE 30.22   80
17   47.6  62.5  11:59am  41.5   1:34am    9    0  0.00   0   6   3:28am   S 30.22   90
---------------------------------------------------------------------------------------
TOT  45.3  73.1  5/15/21  30.3   5/9/21  325    0  1.07   2  16   5/1/21   N 30.08   78

HEAT BASE: 65.0
COOL BASE: 65.0