NOAA-Style Climate Reports

Select a Year or Month report
2018: Jan Feb Mar Apr May Jun Jul Aug Sep Oct Nov Dec
2017: Jan Feb Mar Apr May Jun Jul Aug Sep Oct Nov Dec
2016: Jan Feb Mar Apr May Jun Jul Aug Sep Oct Nov Dec
2015: Jan Feb Mar Apr May Jun Jul Aug Sep Oct Nov Dec

Report for 2016 September
                  MONTHLY CLIMATOLOGICAL SUMMARY FOR 9/2016
                                        HEAT  COOL        
     MEAN                               DEG   DEG       WIND SPEED       DOM MEAN  MEAN
DAY  TEMP  HIGH   TIME     LOW   TIME   DAYS  DAYS RAIN AVG  HI  TIME    DIR BAROM HUM
---------------------------------------------------------------------------------------
1    64.8  71.0   4:18pm  61.0   6:51am    1    1  0.00   1   7  12:00am NNW 30.17   73
2    63.4  70.0   4:07pm  56.0  11:50pm    3    1  0.00   1  13  12:11am ESE 30.30   72
3    62.2  74.8  12:33pm  51.7   7:31am    5    2  0.00   1  10   4:22pm  SE 30.24   80
4    65.6  78.1  12:34pm  56.5   7:29am    3    4  0.00   1  11   4:26pm   S 30.18   80
5    71.9  87.5   4:25pm  58.2   2:29am    2    9  0.00   1  10   4:48pm  SE 30.06   72
6    73.6  85.4  12:17pm  69.6   4:30pm    0    9  0.14   0   8  11:28am NNW 29.95   87
7    70.2  71.6   3:29pm  68.7   8:58am    0    5  0.01   0   5   9:01pm ENE 29.94   95
8    70.9  78.7   2:59pm  63.8  11:34pm    0    6  0.13   1  12   7:03pm   N 29.75   92
9    65.4  74.5  12:57pm  56.8   5:59am    3    3  0.00   1   8   4:33pm  NE 29.92   87
10   66.0  75.4  10:59am  60.0  11:47pm    1    2  0.40   1  14   3:06pm   N 29.73   89
11   62.0  73.0   3:39pm  50.2   7:42am    5    2  0.00   1  11  12:51am NNE 30.06   75
12   66.3  81.1   4:06pm  54.7   6:58am    4    5  0.00   1  13  11:30am   S 30.03   71
13   63.9  68.5  12:49pm  59.5  12:47am    2    0  0.07   1  16   8:50am   N 29.96   87
14   59.4  64.7   3:13pm  52.1  11:55pm    6    0  0.00   1  10   1:55am   N 30.24   82
15   58.4  70.2   1:04pm  47.4   5:42am    8    1  0.00   0   7   1:16pm ENE 30.26   85
16   64.8  77.2   2:34pm  53.8   4:21am    4    4  0.00   1   9  10:54am SSE 30.02   74
17   69.8  78.7   1:31pm  65.2   7:19am    0    5  0.00   0  10   5:51pm  SW 29.79   82
18   63.0  67.6   5:37pm  55.8  11:09pm    3    1  0.14   0   9  12:28am   S 29.88   93
19   65.2  81.9   2:37pm  55.7  12:17am    3    3  0.10   1  16   4:55pm   S 29.90   85
20   65.7  74.9   3:07pm  56.1   7:46am    2    3  0.01   1  10  10:37am   S 30.07   78
21   64.2  70.8   1:47pm  58.8   7:54am    2    1  0.00   1   6  12:56am SSE 30.12   85
22   62.3  65.4   2:46pm  59.4   3:37am    3    0  0.29   0   8  10:30pm SSE 30.07   95
23   58.5  62.9   2:29pm  48.1  11:56pm    7    0  0.03   2  10  12:13pm   S 30.20   84
24   53.7  64.5   1:40pm  44.1   7:43am   11    0  0.00   1   6  12:56pm SSE 30.29   79
25   58.5  70.4   3:52pm  46.8   7:12am    7    1  0.13   1   9   3:08pm SSE 30.11   79
26   55.9  59.4   1:38pm  51.0  11:45pm    9    0  1.16   1  14   1:52pm SSE 29.72   93
27   52.6  56.4   1:56pm  50.6  11:57pm   12    0  0.62   1   9  10:03am   S 29.61   96
28   56.2  65.7   3:46pm  49.2   5:06am    9    0  0.00   0   6   3:05pm ENE 30.02   92
29   61.0  66.2   3:11pm  57.0  12:00am    4    0  0.00   1  11  12:53am ENE 30.35   89
30   61.8  65.4  12:27pm  60.3   8:19am    3    0  0.00   2  12   6:32am ENE 30.32   85
---------------------------------------------------------------------------------------
TOT  63.2  87.5   9/5/16  44.1  9/24/16  120   67  3.23   1  15  9/13/16 SSE 30.04   84

HEAT BASE: 65.0
COOL BASE: 65.0