NOAA-Style Climate Reports

Select a Year or Month report
2018: Jan Feb Mar Apr May Jun Jul Aug Sep Oct Nov Dec
2017: Jan Feb Mar Apr May Jun Jul Aug Sep Oct Nov Dec
2016: Jan Feb Mar Apr May Jun Jul Aug Sep Oct Nov Dec
2015: Jan Feb Mar Apr May Jun Jul Aug Sep Oct Nov Dec

Report for 2018 August
                  MONTHLY CLIMATOLOGICAL SUMMARY FOR 8/2018
                                        HEAT  COOL        
     MEAN                               DEG   DEG       WIND SPEED       DOM MEAN  MEAN
DAY  TEMP  HIGH   TIME     LOW   TIME   DAYS  DAYS RAIN AVG  HI  TIME    DIR BAROM HUM
---------------------------------------------------------------------------------------
1    69.4  78.8   1:21pm  63.1   5:54am    0    5  0.01   0   6   2:25pm  NE 29.83   82
2    67.3  73.0   4:03pm  63.1  11:58pm    0    3  0.01   0   8  11:35am   N 29.89   87
3    66.3  76.1   4:46pm  60.8   6:35am    2    3  0.00   0   6   7:41am   N 30.00   79
4    71.3  82.9   6:55pm  59.3   3:08am    2    8  0.00   0   7   9:54am ENE 29.96   80
5    79.1  89.5   1:37pm  73.6  11:02pm    0   14  0.00   1  14   2:49am  NE 29.87   71
6    74.2  78.9   5:31pm  68.3  11:58pm    0    9  0.49   1   9  10:05am SSE 29.86   86
7    65.2  70.7   2:31pm  60.3  11:57pm    1    1  0.00   1   8  11:53am   N 29.91   87
8    66.7  78.7   4:49pm  56.0   6:06am    3    5  0.00   0   8   2:25pm   N 29.83   84
9    72.2  81.2   4:02pm  65.7  11:56pm    0    7  0.00   1   6   3:25am   N 29.80   82
10   69.5  81.0   4:30pm  57.9   6:48am    1    6  0.00   0   6   5:43pm   N 29.91   80
11   71.2  81.0   4:31pm  63.8   5:11am    0    6  0.00   0   6  12:35pm   N 29.91   79
12   70.2  78.9   2:18pm  60.2   6:52am    1    6  0.00   1   6   2:49pm ENE 30.05   81
13   69.5  78.3   2:55pm  59.2   7:07am    1    5  0.00   0   7   3:10pm ENE 30.01   84
14   75.3  91.9   3:50pm  63.0   3:26am    0   10  0.00   1  11   5:30pm NNE 29.84   77
15   72.0  80.0   4:58pm  66.5   7:10am    0    7  0.00   0   5   8:49am   N 29.88   77
16   71.6  79.6   1:45pm  63.1   7:02am    0    7  0.00   1   7   3:38pm ENE 29.92   81
17   73.6  82.9   4:39pm  66.7   4:49am    0    9  0.00   1   6   3:15pm   N 29.89   84
18   68.9  74.2   4:27pm  63.0  11:58pm    0    4  0.00   1   7   5:40am ENE 29.96   80
19   68.5  77.4   4:23pm  60.9   7:05am    1    4  0.00   1   9   4:49pm ENE 29.95   87
---------------------------------------------------------------------------------------
TOT  70.6  91.9  8/14/18  56.0   8/8/18   13  119  0.51   1  14   8/5/18   N 29.91   81

HEAT BASE: 65.0
COOL BASE: 65.0