NOAA-Style Climate Reports

Select a Year or Month report
2018: Jan Feb Mar Apr May Jun Jul Aug Sep Oct Nov Dec
2017: Jan Feb Mar Apr May Jun Jul Aug Sep Oct Nov Dec
2016: Jan Feb Mar Apr May Jun Jul Aug Sep Oct Nov Dec
2015: Jan Feb Mar Apr May Jun Jul Aug Sep Oct Nov Dec

Report for 2018 October
                  MONTHLY CLIMATOLOGICAL SUMMARY FOR 10/2018
                                        HEAT  COOL        
     MEAN                               DEG   DEG       WIND SPEED       DOM MEAN  MEAN
DAY  TEMP  HIGH   TIME     LOW   TIME   DAYS  DAYS RAIN AVG  HI  TIME    DIR BAROM HUM
---------------------------------------------------------------------------------------
1    49.9  56.5   1:39pm  45.5   8:12am   15    0  0.42   1  14  11:03pm  SE 30.27   87
2    50.2  54.9   2:43pm  44.4  11:53pm   15    0  0.01   1  16   2:11am ENE 30.08   89
3    54.2  70.6  11:46pm  44.0   2:20am   11    0  1.46   1  12  12:42pm SSE 29.78   97
4    50.7  70.5  12:00am  42.9  10:24pm   15    0  0.34   3  20   3:37am   N 29.99   77
5    47.3  51.5  12:55pm  43.1  12:01am   18    0  0.01   1  10   9:22am  SE 30.14   83
6    51.9  55.6  12:35pm  48.3  10:03pm   13    0  0.09   1   8   3:26am   N 29.97   93
7    48.7  49.6   1:56am  47.4   7:50am   16    0  0.00   1   9   8:36pm   E 30.28   89
8    54.1  65.6  11:50pm  46.6   1:02am   11    0  0.65   1  12   5:29am ESE 30.09   96
9    62.5  66.9   3:10pm  56.3  11:51pm    3    0  0.00   0   7   1:02am ENE 29.92   95
10   58.7  67.2   6:34pm  52.8   6:57am    7    0  0.46   1  11   9:29am   E 29.67   98
11   51.3  65.6   1:27am  42.5  10:12pm   14    0  0.05   3  19   2:11pm SSW 29.55   88
12   40.6  43.2  12:07am  37.2  11:51pm   24    0  0.18   2  20   1:08am   N 29.80   86
13   40.5  49.2   3:20pm  35.1   5:12am   25    0  0.02   1  12   2:08pm   S 29.87   79
14   46.4  54.4   2:15pm  41.1   2:36am   19    0  0.00   1   9   6:13am NNE 29.95   87
15   40.4  44.8   2:35am  34.1   2:23pm   25    0  0.42   2  18   4:46pm   N 29.90   89
16   43.4  50.8   3:16pm  35.8   7:24am   22    0  0.02   2  21   5:13pm   S 29.86   78
17   38.8  42.1  11:55am  35.0  11:53pm   26    0  0.02   3  22   1:50pm   N 30.06   80
18   42.0  50.6   5:20pm  30.6   8:07am   23    0  0.00   2  15   2:06am   N 30.27   66
19   51.4  56.2   2:25pm  47.0  11:58pm   14    0  0.23   3  21   9:42pm   S 29.72   80
20   41.9  47.7   1:24am  35.3  10:04pm   23    0  0.00   4  22   5:04pm   N 29.74   79
21   36.1  36.8  12:18am  35.4   2:35am    4    0  0.00   4  16  12:13am   N 30.12   84
---------------------------------------------------------------------------------------
TOT  48.2  70.6  10/3/18  30.6 10/18/18  340    1  4.39   2  22 10/20/18   N 29.95   86

HEAT BASE: 65.0
COOL BASE: 65.0