NOAA-Style Climate Reports

Select a Year or Month report
2017: Jan Feb Mar Apr May Jun Jul Aug Sep Oct Nov Dec
2016: Jan Feb Mar Apr May Jun Jul Aug Sep Oct Nov Dec
2015: Jan Feb Mar Apr May Jun Jul Aug Sep Oct Nov Dec

Report for 2017 September
                  MONTHLY CLIMATOLOGICAL SUMMARY FOR 9/2017
                                        HEAT  COOL        
     MEAN                               DEG   DEG       WIND SPEED       DOM MEAN  MEAN
DAY  TEMP  HIGH   TIME     LOW   TIME   DAYS  DAYS RAIN AVG  HI  TIME    DIR BAROM HUM
---------------------------------------------------------------------------------------
1    56.4  62.3   2:12pm  48.5   7:55am    9    0  0.00   1   8   6:22am ENE 30.26   73
2    56.3  69.4   2:02pm  44.3   7:19am    9    0  0.00   1   7  10:30am   S 30.04   83
3    63.1  74.3   4:22pm  54.9   3:54am    4    2  0.00   1   8  11:50am NNE 29.83   84
4    63.9  69.5   3:58am  55.9  11:57pm    2    1  0.29   1  16   3:47am NNE 29.61   85
5    56.3  63.8  12:23pm  50.8   2:34am    9    0  0.06   1  12   2:55pm   N 29.72   88
6    55.9  63.9   2:46pm  46.5   5:18am    9    0  0.03   1   6  12:03am   N 29.89   87
7    58.3  62.9  12:46pm  54.8  11:43pm    7    0  0.02   1   9   2:31pm NNE 29.91   83
8    56.3  60.5   3:28pm  52.3   8:51pm    9    0  0.00   1   8   5:12am   N 30.22   76
9    54.9  63.7  12:52pm  45.2   7:22am   10    0  0.00   0   6   3:46pm  NE 30.46   78
10   55.3  66.3  12:22pm  45.0   5:01am   10    0  0.00   1   7   4:49pm   S 30.45   80
11   59.5  74.4   4:24pm  49.1   7:00am    7    2  0.00   1   9   1:38pm   S 30.24   81
12   62.1  72.7   4:09pm  54.9   7:16am    5    2  0.00   0   6  12:03pm   N 29.97   86
13   61.7  73.0   1:52pm  51.6   6:53am    5    2  0.00   1   6   2:32pm   N 29.80   86
14   62.9  72.2   3:27pm  54.3   7:50am    4    1  0.00   0   4  12:31am SSE 29.84   88
15   66.8  83.2   3:06pm  58.6   7:25am    2    4  0.00   1   9  12:50pm   S 29.98   87
16   71.5  86.9   2:42pm  63.3   7:43am    0    7  0.00   0  10  10:12am SSE 30.03   79
17   69.3  84.0   2:02pm  60.2  11:57pm    1    5  0.00   1  10  11:56am   S 29.98   82
18   60.5  68.3   3:53pm  54.3  10:58pm    5    0  0.00   0   7   1:09am   N 30.10   80
19   60.5  68.3   3:53pm  51.9   2:21am    5    1  0.00   1  11   2:29pm ENE 30.04   88
20   67.7  79.6   3:49pm  61.4  12:00am    1    3  0.00   0   9   4:44pm ENE 29.94   90
21   69.4  72.9   1:43pm  65.7  11:57pm    0    4  0.33   1   8   1:42am   S 29.98   92
22   71.0  91.0   3:02pm  60.6   4:40am    1    7  0.04   0  14   5:22pm   S 30.01   87
23   74.5  87.2  12:32pm  65.6   4:04am    0    9  0.00   1   9  11:16am   S 30.01   81
---------------------------------------------------------------------------------------
TOT  62.4  91.0  9/22/17  44.3   9/2/17  111   50  0.77   1  16   9/4/17   N 30.01   84

HEAT BASE: 65.0
COOL BASE: 65.0