NOAA-Style Climate Reports

Select a Year or Month report
2019: Jan Feb Mar Apr May Jun Jul Aug Sep Oct Nov Dec
2018: Jan Feb Mar Apr May Jun Jul Aug Sep Oct Nov Dec
2017: Jan Feb Mar Apr May Jun Jul Aug Sep Oct Nov Dec
2016: Jan Feb Mar Apr May Jun Jul Aug Sep Oct Nov Dec
2015: Jan Feb Mar Apr May Jun Jul Aug Sep Oct Nov Dec

Report for 2019 August
                  MONTHLY CLIMATOLOGICAL SUMMARY FOR 8/2019
                                        HEAT  COOL        
     MEAN                               DEG   DEG       WIND SPEED       DOM MEAN  MEAN
DAY  TEMP  HIGH   TIME     LOW   TIME   DAYS  DAYS RAIN AVG  HI  TIME    DIR BAROM HUM
---------------------------------------------------------------------------------------
1    64.9  77.5   3:24pm  51.0   6:18am    4    4  0.00   0   5  10:03am   N 30.14   75
2    68.9  80.5  12:16pm  57.1   6:10am    2    6  0.00   0   6  11:59am  NE 30.07   76
3    70.4  79.6   3:57pm  62.3   6:23am    1    6  0.00   0   6  10:40am   N 29.98   80
4    68.2  73.7   3:57pm  63.1   2:32am    0    3  0.00   1  10   2:47pm ENE 29.98   77
5    71.2  86.6   1:31pm  59.9   7:02am    1    7  0.00   0   9  10:21am ESE 29.81   80
6    71.2  81.6   4:02pm  63.7  11:57pm    0    6  0.00   0   7  12:29pm NNE 29.70   81
7    68.6  81.4  12:11pm  57.7   4:39am    2    6  0.00   0   8   3:00pm ENE 29.69   85
8    70.0  77.4   3:25pm  65.2   9:01am    0    5  0.16   1  11   1:51pm   N 29.64   81
9    67.3  76.5   3:19pm  59.4   3:33am    1    4  0.00   1  14   7:07pm   N 29.77   73
10   67.2  78.0   4:53pm  55.1   6:27am    2    4  0.00   0   8  12:07am   N 29.90   75
11   71.1  85.5   2:54pm  57.6   3:14am    2    8  0.00   1  12   9:07am SSE 29.91   70
12   69.8  81.7   4:40pm  61.8   7:19am    1    5  0.00   1   6  12:32pm   N 29.84   72
13   66.8  71.0   4:11pm  62.3   5:35am    0    2  0.01   0   6  12:00am   E 29.84   69
14   65.5  73.9   3:33pm  59.9  11:57pm    2    2  0.00   1  10   2:52am ENE 29.96   73
15   62.7  72.3   2:12pm  54.6   4:16am    4    1  0.00   0   6   2:26pm NNE 29.97   79
16   64.6  76.4   2:17pm  54.0   6:57am    4    3  0.00   1   9   4:17pm   E 29.88   82
17   68.6  80.0   5:00pm  61.7  11:56pm    0    4  0.16   0   8  12:28pm   N 29.78   87
18   71.7  86.2   1:19pm  61.3   4:29am    1    8  0.00   1  13   7:15pm   S 29.72   78
19   67.5  77.9   3:45pm  57.4   7:31am    2    4  0.00   0   7  12:31am   N 29.90   72
20   66.6  78.2  12:31pm  56.7   4:36am    3    4  0.00   0   6  10:56am   E 29.92   76
21   66.2  77.4   4:28pm  60.0   4:14am    2    3  0.00   1  13   7:33pm NNE 29.84   79
22   63.6  73.6   3:30pm  57.4   5:55am    3    2  0.00   1   9   4:48pm   N 29.98   73
23   61.3  72.4   4:06pm  51.3   6:43am    5    1  0.00   0   8   3:46pm   N 30.17   76
24   61.1  71.4   4:29pm  49.3   7:22am    5    2  0.00   1   8   1:04pm  NE 30.28   76
25   62.0  73.1   4:56pm  49.8   7:19am    5    2  0.00   1  13   4:54pm ENE 30.18   82
26   65.4  78.8   1:40pm  56.7   2:08am    2    3  0.08   1  14  11:13am ENE 29.92   81
27   68.6  77.6   3:04pm  59.9  10:18pm    1    4  0.03   1  14   2:16pm  SE 29.60   81
28   60.3  65.2  10:08am  56.8  10:56pm    5    0  0.14   1  13   5:08pm   S 29.68   86
29   62.8  73.6   2:24pm  52.6   6:24am    5    2  0.01   1  15   2:03pm   S 29.73   81
30   60.6  71.1   2:27pm  52.2  11:40pm    5    1  0.00   1  12   2:29pm   N 29.95   76
31   59.1  69.0   1:10pm  49.2   7:16am    7    1  0.00   0   6   1:04pm ENE 30.25   80
---------------------------------------------------------------------------------------
TOT  66.3  86.6   8/5/19  49.2  8/31/19   77  116  0.59   1  15  8/29/19   N 29.90   78

HEAT BASE: 65.0
COOL BASE: 65.0