NOAA-Style Climate Reports

Select a Year or Month report
2019: Jan Feb Mar Apr May Jun Jul Aug Sep Oct Nov Dec
2018: Jan Feb Mar Apr May Jun Jul Aug Sep Oct Nov Dec
2017: Jan Feb Mar Apr May Jun Jul Aug Sep Oct Nov Dec
2016: Jan Feb Mar Apr May Jun Jul Aug Sep Oct Nov Dec
2015: Jan Feb Mar Apr May Jun Jul Aug Sep Oct Nov Dec

Report for 2019 July
                  MONTHLY CLIMATOLOGICAL SUMMARY FOR 7/2019
                                        HEAT  COOL        
     MEAN                               DEG   DEG       WIND SPEED       DOM MEAN  MEAN
DAY  TEMP  HIGH   TIME     LOW   TIME   DAYS  DAYS RAIN AVG  HI  TIME    DIR BAROM HUM
---------------------------------------------------------------------------------------
1    65.2  70.7   3:24pm  58.3   6:06am    2    2  0.17   0   5   3:54am ENE 29.88   88
2    67.7  77.7   4:46pm  62.8   7:04am    0    3  0.01   0   5   2:06pm NNW 29.81   89
3    70.0  83.6   5:05pm  58.7   5:12am    2    7  0.00   0   6   3:06pm   N 29.87   79
4    69.0  78.8  11:22am  59.9   5:38am    1    5  0.00   1   7  12:46pm ENE 29.91   80
5    72.1  80.3   4:35pm  65.9  12:00am    0    7  0.00   0   7   4:40pm   N 29.90   88
6    66.9  73.8   6:43pm  60.1  11:57pm    1    3  0.00   0   7   7:23am NNE 30.00   80
7    63.8  69.2  11:16am  56.6   3:14am    3    1  0.00   1   8   1:20pm ENE 30.05   78
8    63.7  75.8   3:48pm  51.3   5:08am    5    3  0.00   0   5   2:21pm  NE 30.03   77
9    65.6  74.2  11:50am  55.9   5:44am    3    3  0.00   0   6   1:48pm ENE 29.99   83
10   72.1  85.2  12:53pm  64.7   5:02am    0    7  0.60   1  18   9:44pm ENE 29.79   80
11   64.7  69.2   4:20pm  62.3   8:00am    1    1  0.01   1  12   8:02am   N 29.79   89
12   65.5  74.4   1:26pm  56.2   6:27am    2    3  0.00   0   7  11:22am   N 29.85   82
13   68.9  77.1   2:30pm  61.1   6:01am    1    5  0.00   1   9   1:46pm NNE 29.84   81
14   67.5  77.1  12:17pm  57.6   6:06am    2    4  0.00   0   6  12:01am NNE 30.05   74
15   66.1  75.9   5:32pm  57.2   4:09am    2    3  0.11   0   7  10:28am   E 29.93   85
16   74.4  84.5   2:49pm  66.9   6:04am    0    9  0.03   1  12  11:50am   N 29.77   84
17   69.8  76.4   3:18pm  61.7   6:25am    0    5  0.00   0   5  11:42am ENE 29.88   82
18   73.5  82.6   4:09pm  67.2   5:59am    0    9  0.32   0  11   8:37pm  SE 29.73   81
19   76.6  86.8   4:30pm  71.4   1:05am    0   12  0.00   0   6   2:25am NNE 29.67   86
20   73.4  82.5   1:49pm  66.5  10:37pm    0    8  0.20   1  20   3:26am SSE 29.70   89
21   68.3  77.7   2:49pm  60.5   6:24am    1    4  0.00   1   8  11:48pm   N 29.89   83
22   67.5  79.2   3:40pm  60.2   4:04am    2    4  0.00   1   9   6:50pm   N 29.95   70
23   65.2  74.0   3:30pm  57.3   5:40am    2    2  0.05   1  10   4:41pm   N 29.97   76
24   66.3  78.1   4:51pm  54.0   6:24am    3    4  0.05   0   9  12:52pm WSW 30.03   77
25   67.6  76.0   3:19pm  58.5   6:39am    2    4  0.00   0   7  11:23am ENE 30.06   88
26   74.9  87.7   3:44pm  64.7  12:27am    0   10  0.00   1  11   2:55pm SSE 30.06   70
27   74.1  83.9   4:57pm  65.7   5:58am    0    9  0.31   1  12   4:32pm   S 29.89   81
28   72.0  79.6  11:09am  64.1   4:45am    0    7  0.00   0   5  11:16am  NE 29.90   82
29   73.6  80.7   4:53pm  68.4  11:54pm    0    9  0.05   1  12   1:42pm  SW 29.71   82
30   64.9  69.6   1:43pm  59.3  11:58pm    1    1  0.01   1  10  11:10am NNW 29.92   82
31   63.2  74.7   4:56pm  54.5   6:46am    4    2  0.00   1   7  12:52am   N 30.11   75
---------------------------------------------------------------------------------------
TOT  68.9  87.7  7/26/19  51.3   7/8/19   38  158  1.92   0  20  7/20/19   N 29.90   81

HEAT BASE: 65.0
COOL BASE: 65.0