NOAA-Style Climate Reports

Select a Year or Month report
2019: Jan Feb Mar Apr May Jun Jul Aug Sep Oct Nov Dec
2018: Jan Feb Mar Apr May Jun Jul Aug Sep Oct Nov Dec
2017: Jan Feb Mar Apr May Jun Jul Aug Sep Oct Nov Dec
2016: Jan Feb Mar Apr May Jun Jul Aug Sep Oct Nov Dec
2015: Jan Feb Mar Apr May Jun Jul Aug Sep Oct Nov Dec

Report for 2019 May
                  MONTHLY CLIMATOLOGICAL SUMMARY FOR 5/2019
                                        HEAT  COOL        
     MEAN                               DEG   DEG       WIND SPEED       DOM MEAN  MEAN
DAY  TEMP  HIGH   TIME     LOW   TIME   DAYS  DAYS RAIN AVG  HI  TIME    DIR BAROM HUM
---------------------------------------------------------------------------------------
1    36.9  41.5   3:10am  34.9  12:34pm   28    0  0.45   5  23   8:58am ENE 30.12   89
2    36.2  38.0   7:36pm  34.5   6:22am   29    0  0.00   2  11   1:18am   E 30.15   95
3    40.7  52.4   3:28pm  32.1   6:09am   24    0  0.00   1   7   3:52pm   N 30.10   86
4    42.3  52.7   7:39pm  29.4   6:36am   23    0  0.00   1   9  12:53pm ENE 29.96   76
5    47.9  65.2  10:41am  41.2   7:07am   17    0  0.00   2  13   9:15am ENE 29.80   76
6    44.1  50.0   4:05pm  36.6  11:43pm   21    0  0.14   1  11   5:14pm NNW 30.00   85
7    42.7  53.5   4:03pm  36.2  11:59pm   22    0  0.00   2  10   2:07am   N 30.27   69
8    39.6  47.9   5:25pm  28.2   5:54am   25    0  0.00   3  23  10:05pm ENE 30.27   76
9    40.6  45.5   9:35pm  38.3   9:50am   24    0  0.79   3  23   3:13am   E 29.76   94
10   42.2  48.3   2:52pm  34.7  11:56pm   23    0  0.01   1  12   2:41pm WNW 29.95   87
11   42.1  51.7   5:29pm  30.3   6:12am   23    0  0.00   2  11   2:24pm ENE 30.12   75
12   42.8  47.4  11:24am  38.7   4:30am   22    0  0.00   1  11   1:34pm ENE 29.94   83
13   48.3  57.8   3:09pm  40.4   6:20am   17    0  0.00   1  11   4:49pm NNW 29.88   70
14   50.9  66.5   4:31pm  36.7   6:15am   14    0  0.00   1   8   1:49pm   S 29.90   68
15   51.7  61.3   3:19pm  42.4  11:51pm   13    0  0.05   1  11   5:47pm WNW 29.86   77
16   44.0  50.6   3:19pm  36.9   3:39am   21    0  0.04   1  11   7:59am   E 29.76   85
17   47.9  56.5   4:57pm  41.8  12:30am   17    0  0.00   2  13   2:02am   N 29.87   79
18   41.0  44.9   4:49pm  34.8   3:44am   24    0  0.08   2  24   4:57pm   E 29.95   89
19   42.5  44.5   9:54pm  41.5   3:47pm   23    0  0.67   3  15   8:34pm   E 29.73   96
20   45.9  52.7   3:44pm  40.5  11:57pm   19    0  0.20   3  13  11:52am   N 29.84   87
21   51.0  63.6   3:35pm  38.2   6:06am   14    0  0.00   1   7   4:39pm  NE 30.15   69
22   48.3  62.5   4:00pm  43.6  10:11am   17    0  0.04   3  16   7:54am   E 29.99   81
23   53.5  68.3   1:12pm  42.6   1:16am   12    0  0.12   1  16   3:12am   W 29.82   84
24   51.3  56.3   7:39pm  46.5   5:15am   14    0  0.00   1  12   7:21pm ENE 30.07   88
25   54.5  82.5   5:16pm  44.8  10:41am   12    2  0.27   2  23   6:52pm   E 29.77   85
26   55.0  69.3   3:14pm  46.4   6:24am   10    0  0.00   1   7   4:12pm NNW 29.98   78
27   46.6  50.7   9:09am  43.6   5:26pm   18    0  0.30   1  11  12:16pm   E 30.04   89
28   48.1  57.8   6:00pm  41.9   3:28am   17    0  0.22   1   9   2:24am ENE 29.79   92
29   53.8  65.4   4:04pm  46.1   6:25am   11    0  0.00   1   9   4:42pm  NE 29.70   86
30   55.5  64.3   4:31pm  45.5  11:59pm    9    0  0.00   1  10   6:53am WNW 29.66   77
31   46.6  57.6   1:45pm  38.6   4:48am   18    0  0.00   2  13  12:16pm ENE 29.77   79
---------------------------------------------------------------------------------------
TOT  46.3  82.5  5/25/19  28.2   5/8/19  582    2  3.38   2  24  5/18/19 ENE 29.93   82

HEAT BASE: 65.0
COOL BASE: 65.0