NOAA-Style Climate Reports

Select a Year or Month report
2019: Jan Feb Mar Apr May Jun Jul Aug Sep Oct Nov Dec
2018: Jan Feb Mar Apr May Jun Jul Aug Sep Oct Nov Dec
2017: Jan Feb Mar Apr May Jun Jul Aug Sep Oct Nov Dec
2016: Jan Feb Mar Apr May Jun Jul Aug Sep Oct Nov Dec
2015: Jan Feb Mar Apr May Jun Jul Aug Sep Oct Nov Dec

Report for 2018 August
                  MONTHLY CLIMATOLOGICAL SUMMARY FOR 8/2018
                                        HEAT  COOL        
     MEAN                               DEG   DEG       WIND SPEED       DOM MEAN  MEAN
DAY  TEMP  HIGH   TIME     LOW   TIME   DAYS  DAYS RAIN AVG  HI  TIME    DIR BAROM HUM
---------------------------------------------------------------------------------------
1    69.4  78.8   1:21pm  63.1   5:54am    0    5  0.01   0   6   2:25pm  NE 29.83   82
2    67.3  73.0   4:03pm  63.1  11:58pm    0    3  0.01   0   8  11:35am   N 29.89   87
3    66.3  76.1   4:46pm  60.8   6:35am    2    3  0.00   0   6   7:41am   N 30.00   79
4    71.3  82.9   6:55pm  59.3   3:08am    2    8  0.00   0   7   9:54am ENE 29.96   80
5    79.1  89.5   1:37pm  73.6  11:02pm    0   14  0.00   1  14   2:49am  NE 29.87   71
6    74.2  78.9   5:31pm  68.3  11:58pm    0    9  0.49   1   9  10:05am SSE 29.86   86
7    65.2  70.7   2:31pm  60.3  11:57pm    1    1  0.00   1   8  11:53am   N 29.91   87
8    66.7  78.7   4:49pm  56.0   6:06am    3    5  0.00   0   8   2:25pm   N 29.83   84
9    72.2  81.2   4:02pm  65.7  11:56pm    0    7  0.00   1   6   3:25am   N 29.80   82
10   69.5  81.0   4:30pm  57.9   6:48am    1    6  0.00   0   6   5:43pm   N 29.91   80
11   71.2  81.0   4:31pm  63.8   5:11am    0    6  0.00   0   6  12:35pm   N 29.91   79
12   70.2  78.9   2:18pm  60.2   6:52am    1    6  0.00   1   6   2:49pm ENE 30.05   81
13   69.5  78.3   2:55pm  59.2   7:07am    1    5  0.00   0   7   3:10pm ENE 30.01   84
14   75.3  91.9   3:50pm  63.0   3:26am    0   10  0.00   1  11   5:30pm NNE 29.84   77
15   72.0  80.0   4:58pm  66.5   7:10am    0    7  0.00   0   5   8:49am   N 29.88   77
16   71.6  79.6   1:45pm  63.1   7:02am    0    7  0.00   1   7   3:38pm ENE 29.92   81
17   73.6  82.9   4:39pm  66.7   4:49am    0    9  0.00   1   6   3:15pm   N 29.89   84
18   68.9  74.2   4:27pm  63.0  11:58pm    0    4  0.00   1   7   5:40am ENE 29.96   80
19   69.4  77.4   4:23pm  60.9   7:05am    1    5  0.00   1   9   4:49pm ENE 29.95   87
20   72.4  81.9   2:05pm  65.7   7:14am    0    7  0.00   0   7   3:01pm   E 29.93   83
21   69.2  73.4   4:58pm  63.5  11:42pm    0    4  0.00   1  10   6:39pm NNE 29.79   90
22   66.7  76.0   2:52pm  59.6  11:57pm    2    3  0.07   2  13   1:17am   N 29.91   75
23   71.0  84.5   3:21pm  59.3  12:30am    1    7  0.00   1  12  11:45am SSE 29.92   63
24   69.6  82.5   2:06pm  61.1   6:55am    1    5  0.05   1  12  10:59am   S 29.93   67
25   66.1  72.7   3:47pm  61.4   2:08am    1    2  0.35   0   6  10:33am ESE 29.86   94
26   69.5  78.5   2:56pm  63.8   6:29am    0    5  0.01   0   7   4:49pm   N 29.92   91
27   73.9  80.9   5:05pm  68.5  12:14am    0    9  0.00   0  10   2:12pm SSE 29.77   86
28   70.6  81.0   2:00am  67.4   6:18am    0    6  2.29   1  14   2:13am SSE 29.74   93
29   64.3  68.2   2:31am  59.4  11:41pm    2    1  0.05   1  10   6:11pm   N 29.88   91
30   59.9  64.9   4:05pm  54.2  11:57pm    5    0  0.00   1   9   3:47pm ENE 30.18   82
31   63.3  74.4   7:06pm  51.9   4:16am    5    3  0.00   1   9   3:04pm ENE 30.08   84
---------------------------------------------------------------------------------------
TOT  69.7  91.9  8/14/18  51.9  8/31/18   29  173  3.33   1  14   8/5/18   N 29.91   82

HEAT BASE: 65.0
COOL BASE: 65.0