NOAA style reports

NOAA-style Climate Reports

2023: Jan | Feb | Mar | Apr | May | Jun | Jul | Aug | Sep | Oct | Nov | Dec 
2022: Jan | Feb | Mar | Apr | May | Jun | Jul | Aug | Sep | Oct | Nov | Dec 
2021: Jan | Feb | Mar | Apr | May | Jun | Jul | Aug | Sep | Oct | Nov | Dec 
2020: Jan | Feb | Mar | Apr | May | Jun | Jul | Aug | Sep | Oct | Nov | Dec 
2019: Jan | Feb | Mar | Apr | May | Jun | Jul | Aug | Sep | Oct | Nov | Dec 
2018: Jan | Feb | Mar | Apr | May | Jun | Jul | Aug | Sep | Oct | Nov | Dec 
2017: Jan | Feb | Mar | Apr | May | Jun | Jul | Aug | Sep | Oct | Nov | Dec 
2016: Jan | Feb | Mar | Apr | May | Jun | Jul | Aug | Sep | Oct | Nov | Dec 
2015: Jan | Feb | Mar | Apr | May | Jun | Jul | Aug | Sep | Oct | Nov | Dec 

Report for 06/2018
MONTHLY CLIMATOLOGICAL SUMMARY FOR 6/2018 HEAT COOL MEAN DEG DEG WIND SPEED DOM MEAN MEAN DAY TEMP HIGH TIME LOW TIME DAYS DAYS RAIN AVG HI TIME DIR BAROM HUM --------------------------------------------------------------------------------------- 1 54.3 58.8 6:51pm 51.1 9:42am 11 0 0.00 0 8 9:04pm N 29.88 91 2 54.2 65.5 6:18pm 46.7 3:35am 11 0 0.00 1 12 5:15pm ENE 30.03 70 3 52.4 57.8 4:05pm 48.8 12:50am 13 0 0.09 0 7 11:36pm ESE 29.74 91 4 55.5 62.4 4:44pm 50.9 6:59am 9 0 0.01 2 13 10:25am N 29.71 83 5 53.5 61.4 4:40pm 47.2 5:39am 12 0 0.00 1 12 12:00am N 29.81 80 6 52.4 61.6 2:58pm 41.1 6:03am 13 0 0.00 0 6 11:16am N 29.91 84 7 58.0 69.8 2:43pm 49.0 6:20am 7 0 0.00 1 8 3:01pm N 29.97 83 8 57.1 68.9 5:09pm 47.6 5:07am 8 0 0.00 1 8 6:25pm ENE 30.17 79 9 58.8 67.0 6:46pm 53.4 6:45am 6 0 0.00 1 8 3:45pm ENE 30.11 77 10 59.3 72.0 5:33pm 49.6 4:38am 7 1 0.00 1 11 3:44pm ENE 30.03 67 11 58.5 68.4 5:44pm 51.4 6:06am 7 0 0.00 1 9 4:31pm ENE 30.03 67 12 57.1 62.9 12:25pm 52.3 2:37am 8 0 0.00 1 7 1:34pm ENE 29.91 77 13 61.1 69.3 4:41pm 55.1 12:00am 4 0 0.25 1 18 12:51pm N 29.74 86 14 61.8 74.4 4:02pm 50.8 5:43am 5 2 0.00 1 9 1:28am NE 29.96 75 15 62.4 74.9 3:31pm 50.5 5:15am 4 2 0.00 1 8 5:19pm ENE 29.98 72 16 63.6 68.4 11:42am 58.6 6:39am 2 1 0.00 0 5 12:01am N 29.90 81 17 67.8 93.2 4:03pm 59.7 10:32am 1 4 0.02 0 12 3:34pm NE 29.85 87 18 65.7 69.3 1:10pm 59.4 11:49pm 1 1 0.18 0 7 5:07am NNE 29.83 93 19 60.7 68.1 6:48pm 53.9 5:32am 5 0 0.00 1 10 2:56pm ENE 30.00 82 20 62.8 79.4 4:08pm 50.8 4:13am 5 3 0.00 0 5 2:36pm N 29.87 76 21 58.8 63.4 4:49pm 50.7 11:58pm 6 0 0.00 2 12 4:37pm ENE 29.92 73 22 56.3 64.4 3:32pm 47.8 2:09am 9 0 0.00 1 8 2:37pm ENE 29.89 81 23 58.2 63.1 6:18pm 52.1 4:11am 7 0 0.00 0 7 12:09pm ESE 29.74 90 24 60.6 65.8 3:54pm 54.3 11:58pm 4 0 0.01 0 6 1:03pm NE 29.92 84 25 59.5 67.5 5:04pm 50.2 3:11am 6 0 0.00 1 11 10:50am ENE 30.20 66 26 57.1 64.7 4:21pm 48.3 4:47am 8 0 0.00 2 10 5:35pm ENE 30.06 72 27 62.1 71.2 7:12pm 55.6 4:18am 4 1 0.00 0 7 8:50am ENE 29.77 76 28 69.3 79.5 3:19pm 58.2 3:38am 2 6 0.00 1 8 3:43pm NNE 29.78 71 29 68.8 80.5 11:30pm 60.3 4:25am 1 5 0.00 0 8 10:36pm NE 29.83 80 30 79.1 90.1 12:43pm 70.8 9:26pm 0 14 0.00 1 12 9:26am ENE 29.77 83 --------------------------------------------------------------------------------------- TOT 60.2 93.2 6/17/18 41.1 6/6/18 184 41 0.56 1 18 6/13/18 ENE 29.91 79 HEAT BASE: 65.0 COOL BASE: 65.0