NOAA-Style Climate Reports

Select a Year or Month report
2019: Jan Feb Mar Apr May Jun Jul Aug Sep Oct Nov Dec
2018: Jan Feb Mar Apr May Jun Jul Aug Sep Oct Nov Dec
2017: Jan Feb Mar Apr May Jun Jul Aug Sep Oct Nov Dec
2016: Jan Feb Mar Apr May Jun Jul Aug Sep Oct Nov Dec
2015: Jan Feb Mar Apr May Jun Jul Aug Sep Oct Nov Dec

Report for 2018 March
                  MONTHLY CLIMATOLOGICAL SUMMARY FOR 3/2018
                                        HEAT  COOL        
     MEAN                               DEG   DEG       WIND SPEED       DOM MEAN  MEAN
DAY  TEMP  HIGH   TIME     LOW   TIME   DAYS  DAYS RAIN AVG  HI  TIME    DIR BAROM HUM
---------------------------------------------------------------------------------------
1    29.7  33.5   3:37pm  24.9   3:47am   35    0  0.00   1  15   8:21pm   N 30.00   92
2    30.9  36.8   1:30pm  26.8   7:52am   34    0  0.00   2  12  12:12am NNW 30.33   81
3    26.3  32.8   3:54pm  20.7   7:27am   39    0  0.00   1   6  12:00am  NE 30.57   70
4    26.4  32.4   1:52pm  19.5  11:52pm   39    0  0.00   1  12  10:13am ESE 30.55   75
5    26.9  30.7  11:59pm  19.7  12:00am   38    0  0.00   3  16   7:55am ENE 30.33   71
6    28.2  31.0  12:15am  27.0  11:28pm   37    0  0.00   4  19   3:55am ENE 29.90   88
7    26.6  29.7   4:30pm  24.3  10:31pm   38    0  0.00   2   9  10:50pm   N 29.79   91
8    29.3  32.6   3:06pm  24.5  12:00am   36    0  0.05   3  12   7:38am   N 29.79   91
9    29.3  33.1  12:04pm  26.2   7:37am   36    0  0.08   2  19  11:15am   N 29.88   79
10   27.4  31.8   1:19pm  19.8  11:59pm   38    0  0.04   1  11   8:56pm NNW 30.07   78
11   24.5  33.4   3:51pm  15.6   4:34am   39    0  0.04   1   8   3:23pm   N 30.19   78
12   27.2  32.9   3:46pm  20.8   1:08am   38    0  0.06   1   9   1:57pm  NE 30.02   86
13   26.2  31.5   2:48pm  22.1  11:59pm   39    0  0.02   4  15   4:24pm NNW 30.05   82
14   26.9  37.4   4:03pm  15.4   7:37am   38    0  0.00   1   9   5:27am   N 29.87   76
15   25.4  30.2  12:00am  20.7   8:15pm   40    0  0.00   5  21   8:41pm   N 29.78   82
16   23.5  33.5   3:46pm  16.3   7:58am   41    0  0.00   3  19  12:26am NNW 30.10   71
17   27.9  39.2   4:08pm  17.5   8:24am   37    0  0.00   1   7  10:10am SSW 29.96   82
18   31.3  41.0   3:22pm  23.4   1:48am   34    0  0.00   2   9   6:56pm NNW 29.95   72
19   23.2  30.1  12:44am  17.7  11:36pm   42    0  0.00   3  20   3:36am  NE 30.13   63
20   23.3  27.2   6:11pm  18.3  12:00am   42    0  0.00   4  24   4:13am  NE 30.11   70
21   27.5  33.2   5:17pm  23.0   8:04am   38    0  0.00   3  16   4:51am  NE 30.13   61
22   28.6  37.6   3:53pm  18.3   8:17am   36    0  0.00   1  11   8:31pm   N 30.26   71
23   29.0  34.8   3:38pm  24.9   8:07am   36    0  0.00   2   9  12:18am NNW 30.35   70
24   25.4  29.7   4:36pm  19.0  11:24pm   40    0  0.00   3  20   8:46am  NE 30.44   61
25   28.2  31.4   2:48pm  24.5   7:55am   37    0  0.00   5  20  12:42am   E 30.51   66
26   33.0  43.6   6:50pm  21.9   5:18am   32    0  0.00   2  20   2:47pm   E 30.39   78
27   37.7  42.7   2:42pm  30.5  11:18pm   27    0  0.37   1  12   9:29pm SSE 29.93   89
28   32.7  43.3   1:12pm  25.2   7:39am   32    0  0.00   2  11   4:33pm ENE 29.99   89
29   33.3  39.4   1:58pm  26.3  11:58pm   32    0  0.00   1  12   7:53pm   N 29.92   86
30   31.0  37.8  12:11pm  25.1   8:06am   34    0  0.00   1   9   3:20am   N 30.10   76
31   29.8  35.6   4:16pm  24.4  11:53pm   35    0  0.16   2  25   7:04pm NNW 29.88   87
---------------------------------------------------------------------------------------
TOT  28.3  43.6  3/26/18  15.4  3/14/18 1137    0  0.82   2  25  3/31/18 NNW 30.11   78

HEAT BASE: 65.0
COOL BASE: 65.0