NOAA-Style Climate Reports

Select a Year or Month report
2018: Jan Feb Mar Apr May Jun Jul Aug Sep Oct Nov Dec
2017: Jan Feb Mar Apr May Jun Jul Aug Sep Oct Nov Dec
2016: Jan Feb Mar Apr May Jun Jul Aug Sep Oct Nov Dec
2015: Jan Feb Mar Apr May Jun Jul Aug Sep Oct Nov Dec

Report for 2017 January
                  MONTHLY CLIMATOLOGICAL SUMMARY FOR 1/2017
                                        HEAT  COOL        
     MEAN                               DEG   DEG       WIND SPEED       DOM MEAN  MEAN
DAY  TEMP  HIGH   TIME     LOW   TIME   DAYS  DAYS RAIN AVG  HI  TIME    DIR BAROM HUM
---------------------------------------------------------------------------------------
1    28.0  34.1   2:43pm  21.4   4:49am   36    0  0.01   0  19  10:49am SSW 30.03   87
2    32.3  36.6   3:13pm  26.7  12:00am   33    0  0.19   1  16  11:26pm   E 30.26   91
3    33.4  34.6  12:00am  31.7  10:58pm   32    0  0.09   1  13  12:55am   E 29.81   94
4    22.4  32.4  12:45am  17.3   4:48pm   43    0  0.00   1  20   2:02pm   W 29.60   90
5    14.6  20.4  12:00am  10.0   9:17pm   50    0  0.00   0  15   1:58am WSW 29.83   84
6    12.2  19.6  12:57pm   8.2  10:33pm   53    0  0.00   0   0  12:00am   N 30.09   87
7    12.8  17.4   6:23pm   8.5   1:57am   52    0  0.00   0  12   6:53pm   N 30.29   88
8    12.6  17.8   7:49pm   6.8   6:20am   52    0  0.00   0  13  12:46am NNW 30.51   81
9    20.2  24.6   2:23pm  15.6  12:07am   45    0  0.00   0   5   3:35am   S 30.24   86
10   29.5  37.5   8:33pm  23.3  12:00am   36    0  0.17   0  29  10:35pm  SW 29.59   93
11   25.9  31.2   3:26pm  21.8   9:18pm   39    0  0.00   0  23  12:24am WSW 29.78   86
12   21.5  23.8   1:11am  17.3   7:07pm   44    0  0.00   0  15   9:57pm   W 30.03   80
13   14.1  19.3   1:56pm   0.7  10:52pm   51    0  0.00   0  14   2:26am  NW 30.70   79
14   19.1  30.6   2:09pm   1.9  12:00am   46    0  0.00   0   4  12:32pm SSW 30.51   78
15   24.0  31.9   2:48pm  16.7   7:47am   41    0  0.00   0   0  12:00am   N 30.36   82
16   28.3  38.7   2:48pm  20.8   5:19am   37    0  0.01   0  11  10:18am SSW 30.23   85
17   32.5  34.6   8:47am  27.3  12:04am   32    0  0.00   0  14   9:45am   E 29.97   91
18   34.3  39.8   2:57pm  31.0   6:38pm   31    0  0.12   0  10  12:56pm SSW 29.94   93
19   35.2  37.4   1:54pm  33.8   9:04pm   30    0  0.18   0   0  12:00am   N 29.96   91
20   33.6  35.2  12:38pm  31.8   8:37am   31    0  0.07   0   7   8:22am   E 29.78   96
21   34.4  37.1   5:35pm  32.1   6:53am   31    0  0.07   0  12   7:34pm ESE 29.67   97
22   36.1  38.3  12:39pm  34.4   8:39am   29    0  0.00   0   0  12:00am   N 29.66   98
23   35.4  36.5   5:57am  34.5   3:16am   30    0  0.16   0   9   6:33am   E 29.78   98
24   34.4  35.4   2:51am  33.3   8:50pm   31    0  0.16   0   6   2:43am  NE 29.79   98
25   34.0  35.4   3:11pm  32.7   9:45pm   31    0  0.14   0   6   3:30am  SW 29.61   98
26   33.1  34.8   1:02pm  30.5  11:55pm   32    0  0.03   1  11   6:12am NNW 29.56   94
27   30.1  32.5   1:31pm  29.1   5:36am   35    0  0.02   0  12   6:42am WSW 29.64   85
28   28.1  31.4   2:31am  20.0  11:51pm   37    0  0.01   0   9   5:26pm NNW 29.58   87
29   18.9  20.5   1:28am  16.8   8:08am   46    0  0.00   0  12   7:34pm NNW 29.79   82
30   17.8  23.0   2:32pm  14.3   6:40am   47    0  0.00   0   1  12:39am   N 29.89   75
31   23.5  30.3   2:40pm  13.2   7:29am   42    0  0.03   0   0  12:00am   N 29.67   86
---------------------------------------------------------------------------------------
TOT  26.2  39.8  1/18/17   0.7  1/13/17 1202    0  1.46   0  23  1/11/17 NNW 29.94   88

HEAT BASE: 65.0
COOL BASE: 65.0