NOAA-Style Climate Reports

Select a Year or Month report
2018: Jan Feb Mar Apr May Jun Jul Aug Sep Oct Nov Dec
2017: Jan Feb Mar Apr May Jun Jul Aug Sep Oct Nov Dec
2016: Jan Feb Mar Apr May Jun Jul Aug Sep Oct Nov Dec
2015: Jan Feb Mar Apr May Jun Jul Aug Sep Oct Nov Dec

Report for 2016 August
                  MONTHLY CLIMATOLOGICAL SUMMARY FOR 8/2016
                                        HEAT  COOL        
     MEAN                               DEG   DEG       WIND SPEED       DOM MEAN  MEAN
DAY  TEMP  HIGH   TIME     LOW   TIME   DAYS  DAYS RAIN AVG  HI  TIME    DIR BAROM HUM
---------------------------------------------------------------------------------------
1    67.7  78.5   3:48pm  55.7   4:41am    2    5  0.00   1   6  12:12pm  NE 30.10   82
2    70.4  80.5   3:57pm  60.8   6:49am    1    6  0.00   1   8   3:45pm ENE 30.07   82
3    73.6  81.9   3:52pm  65.0   1:51am    0    9  0.00   1   6  11:18am  NE 30.01   79
4    76.7  92.1   2:27pm  66.3   6:55am    0   12  0.00   1  13  12:15pm ENE 29.90   77
5    75.8  81.3   4:13pm  70.1  11:55pm    0   11  0.02   2  11   6:44pm NNE 29.75   73
6    72.4  79.8   3:05pm  66.0   7:06am    0    7  0.00   2  13   6:00pm NNE 29.88   72
7    70.5  80.0   4:23pm  62.0  11:57pm    0    6  0.00   2  11   1:59am   N 30.02   71
8    67.1  78.6   5:06pm  55.6   6:25am    3    5  0.00   1   7   6:02pm NNE 30.08   73
9    72.2  88.6   1:47pm  61.8   7:00am    0    8  0.00   1   9   8:50am  SE 29.98   70
10   75.4  84.0   5:07pm  68.5  12:00am    0   10  0.00   1   8   9:07am   N 29.99   77
11   71.5  80.5  10:26am  63.0   6:36am    0    7  0.06   1   7   3:31pm ENE 29.90   88
12   69.7  73.0  12:00am  66.9  10:51pm    0    5  0.06   1  11  10:35pm NNW 29.78   94
13   66.4  67.8   4:32pm  64.9   7:30am    0    1  0.31   1   9   4:05am  NE 29.79   94
14   69.0  76.6   3:38pm  64.5   8:08am    0    4  0.00   1   7  12:02am   N 29.96   84
15   69.7  77.1   4:32pm  60.7   6:15am    1    5  0.00   1   9   5:07pm ESE 30.08   89
16   72.7  80.4   1:43pm  66.7   5:47am    0    8  0.01   1   5  11:20am   S 29.97   87
17   70.2  79.7   4:37pm  65.4   6:10am    0    5  0.14   1   9   9:00am SSW 29.98   89
18   70.0  78.6   3:45pm  62.1   6:48am    1    6  0.04   0   6   1:29pm ENE 29.98   91
19   72.5  82.9  11:13am  66.8   4:25am    0    7  0.00   1   6  11:06am ENE 29.82   89
20   70.7  76.7  12:07pm  67.5   3:29am    0    6  1.00   1  12   8:30pm  SE 29.61   93
21   64.9  68.9  12:00am  61.1  11:57pm    1    1  0.01   3  16   2:00pm   N 29.68   80
22   64.5  76.9   4:40pm  53.6   6:05am    4    4  0.00   1   8  12:20am  SE 30.07   68
23   71.7  84.2   4:27pm  60.3   6:59am    1    7  0.00   1  11   1:07pm   W 30.08   75
24   67.6  74.1   6:41pm  62.6   6:17am    0    3  0.65   1   8  12:14pm SSW 29.92   92
25   70.3  77.3   5:09pm  64.3  11:10pm    0    5  0.00   1   8   5:19pm   W 29.88   89
26   67.3  75.8   3:42pm  59.6   7:19am    1    3  0.00   1   7   4:36am NNE 30.05   84
27   63.5  67.2  11:31pm  57.3   4:16am    2    1  0.09   0   7   6:01pm ESE 30.12   94
28   69.0  75.5   4:14pm  62.3  11:59pm    0    4  0.04   1   8   5:41am NNE 30.12   90
29   64.6  73.0   4:25pm  54.5   6:17am    3    3  0.00   1   9   2:09pm ENE 30.23   90
30   71.9  80.6   3:41pm  65.1  11:58pm    0    7  0.00   1   8   1:28pm NNE 30.04   87
31   67.0  74.7   1:25pm  62.1   3:55am    1    3  0.00   2  10   2:01am   N 30.04   79
---------------------------------------------------------------------------------------
TOT  69.9  92.1   8/4/16  53.6  8/22/16   21  172  2.43   1  15  8/21/16 NNE 29.96   83

HEAT BASE: 65.0
COOL BASE: 65.0