NOAA-Style Climate Reports

Select a Year or Month report
2018: Jan Feb Mar Apr May Jun Jul Aug Sep Oct Nov Dec
2017: Jan Feb Mar Apr May Jun Jul Aug Sep Oct Nov Dec
2016: Jan Feb Mar Apr May Jun Jul Aug Sep Oct Nov Dec
2015: Jan Feb Mar Apr May Jun Jul Aug Sep Oct Nov Dec

Report for 2016 April
                  MONTHLY CLIMATOLOGICAL SUMMARY FOR 4/2016
                                        HEAT  COOL        
     MEAN                               DEG   DEG       WIND SPEED       DOM MEAN  MEAN
DAY  TEMP  HIGH   TIME     LOW   TIME   DAYS  DAYS RAIN AVG  HI  TIME    DIR BAROM HUM
---------------------------------------------------------------------------------------
1    35.5  44.8   5:33pm  29.3  11:57pm   29    0  0.06   2  16   7:02pm NNW 29.60   87
2    27.3  31.7  12:12pm  22.9  11:52pm   38    0  0.06   4  23   9:08pm NNW 29.65   83
3    22.5  25.6  11:08pm  14.9   7:46am   42    0  0.00   3  20   9:52pm   E 29.93   84
4    25.1  29.4   3:40pm  22.0   8:19am   40    0  0.30   4  18  12:15am   N 30.21   69
5    26.4  38.6   4:41pm  10.7   7:20am   39    0  0.01   2  10  12:00am SSW 30.40   68
6    32.2  37.1   1:58pm  29.0   5:00am   33    0  0.15   3  16   7:38pm SSE 29.77   91
7    30.9  33.4   3:58pm  28.3  11:57pm   34    0  0.16   5  21   7:56pm   N 29.61   87
8    26.6  32.0   5:31pm  22.0   8:54am   38    0  0.07   4  19   9:21pm   N 29.83   64
9    23.7  29.9   4:49pm  17.9   8:00am   41    0  0.00   4  14   1:19pm   N 30.19   64
10   27.4  32.5   7:41pm  19.1  12:00am   38    0  0.00   3  16   5:13pm SSE 30.02   83
11   36.0  41.5  12:28pm  32.5  12:00am   29    0  0.25   2  18  11:05pm   S 29.78   84
12   33.5  38.1   1:14pm  27.5  11:30pm   32    0  0.00   2  14  12:36am   N 30.25   83
13   33.4  40.5   3:10pm  24.2   2:33am   32    0  0.00   2  16   2:44pm ENE 30.42   85
14   40.3  53.1  12:34pm  28.6   4:34am   25    0  0.00   2  12   2:24pm SSE 30.36   74
15   40.8  44.9   2:31pm  35.6   4:36am   24    0  0.00   4  14  12:33pm ENE 30.36   67
16   42.5  52.2   6:37pm  31.0   7:06am   22    0  0.00   3  12  12:33pm ENE 30.40   73
17   47.6  65.0   4:53pm  36.2   7:25am   17    0  0.00   2   9  11:54am ENE 30.41   70
18   46.7  67.8  10:15am  38.9   3:36am   18    0  0.00   2  13   4:26pm NNW 30.31   78
19   41.2  55.2   5:53pm  32.1   6:21am   24    0  0.00   2   9   7:26am ENE 30.38   78
20   44.1  61.2  11:05am  31.1   6:52am   21    0  0.00   2  14  10:39am ESE 30.22   71
21   42.9  47.2   6:08am  38.8  10:18pm   22    0  0.31   1   9   5:51am   E 29.88   93
22   42.9  50.6   4:40pm  36.4  11:58pm   22    0  0.00   2   8  11:28am NNW 30.05   86
23   38.5  44.0   3:45pm  29.1   5:53am   27    0  0.00   3  15   9:49am  SE 30.23   65
24   38.7  40.5  11:06am  37.5   5:48pm   26    0  0.02   2  13  11:03am   E 30.13   79
25   36.0  37.9  12:11am  34.8  10:39am   29    0  0.43   6  28   9:39am   E 30.00   92
26   38.8  48.2   4:53pm  33.7   6:24am   26    0  0.20   4  23  12:00am  NE 29.98   79
27   39.9  51.5   4:49pm  30.5   2:10am   25    0  0.00   2  12   8:40am NNW 30.08   63
28   39.8  45.8   7:49pm  33.5   4:22am   25    0  0.00   3  16  10:28am   E 30.12   70
29   41.8  53.5   4:22pm  32.4   4:12am   23    0  0.00   2  11   1:47pm ENE 30.16   73
30   40.8  50.3   5:34pm  30.2   6:09am   24    0  0.00   2  11   2:28pm ENE 30.20   77
---------------------------------------------------------------------------------------
TOT  36.1  67.8  4/18/16  10.7   4/5/16  865    0  2.02   3  28  4/25/16   N 30.10   77

HEAT BASE: 65.0
COOL BASE: 65.0