NOAA-Style Climate Reports

Select a Year or Month report
2018: Jan Feb Mar Apr May Jun Jul Aug Sep Oct Nov Dec
2017: Jan Feb Mar Apr May Jun Jul Aug Sep Oct Nov Dec
2016: Jan Feb Mar Apr May Jun Jul Aug Sep Oct Nov Dec
2015: Jan Feb Mar Apr May Jun Jul Aug Sep Oct Nov Dec

Report for 2016 March
                  MONTHLY CLIMATOLOGICAL SUMMARY FOR 3/2016
                                        HEAT  COOL        
     MEAN                               DEG   DEG       WIND SPEED       DOM MEAN  MEAN
DAY  TEMP  HIGH   TIME     LOW   TIME   DAYS  DAYS RAIN AVG  HI  TIME    DIR BAROM HUM
---------------------------------------------------------------------------------------
1    19.3  24.0   2:29pm  13.2   6:03am   46    0  0.01   3  21  10:01pm NNW 30.04   79
2    19.2  22.3   5:29pm  14.9   7:21am   46    0  0.02   2  15  12:00am   N 30.08   78
3    22.9  30.3  11:34am  16.9  12:00am   41    0  0.01   3  12  12:12pm   E 30.20   75
4    26.5  36.0   2:46pm  18.5   7:22am   39    0  0.05   2   9  12:37am   S 30.16   71
5    30.0  35.6  11:04am  25.9   6:10am   35    0  0.05   2   9  12:23pm   S 30.16   77
6    34.8  43.0   3:52pm  28.5   2:25am   30    0  0.01   2  16   1:30pm   S 30.05   74
7    40.5  45.9   3:28pm  33.2   1:07am   24    0  0.00   2  12   5:20am   E 29.88   83
8    39.9  53.5  10:57pm  34.8   7:09am   25    0  0.01   1  14  11:26pm ESE 29.85   90
9    43.7  52.3  12:20am  34.0  11:45pm   21    0  0.34   1  10  12:33am SSW 29.82   95
10   33.6  35.6   3:30pm  31.2   9:13pm   31    0  0.00   1  12   8:46pm   N 30.09   95
11   33.2  38.2   1:28pm  28.0  11:14pm   32    0  0.00   2  10   1:07am   N 30.34   88
12   40.7  55.8  11:27am  27.2   1:52am   24    0  0.00   2  18   8:25am  SW 30.10   81
13   37.3  41.1   5:36pm  32.1   3:21am   27    0  0.02   4  23   4:10pm   E 30.06   84
14   36.7  38.7   2:06pm  35.7  11:32pm   28    0  0.20   1  11  12:00am ESE 29.73   96
15   35.2  38.8  12:43pm  33.2   8:52pm   30    0  0.01   1  14  11:38pm   E 29.86   97
16   38.4  43.5   5:23pm  34.9  12:00am   27    0  0.88   6  27  10:53am  SE 29.53   96
17   36.4  39.6   3:54pm  34.1   7:55am   29    0  0.07   3  16  12:52am SSW 29.61   94
18   31.3  35.5  12:36am  23.8  11:50pm   34    0  0.00   2  11  11:43am  NE 30.08   78
19   26.8  30.3   1:12am  19.3  11:51pm   38    0  0.00   3  14   3:19am ENE 30.32   68
20   27.8  39.8   3:50pm  16.0   5:19am   37    0  0.00   2  14   9:59pm   N 30.20   71
21   33.1  40.6   3:24pm  27.6  11:21pm   32    0  0.00   2  11   1:23am   N 30.07   73
22   31.1  33.0   1:36pm  27.2   5:49am   34    0  0.06   1  16   3:37pm ENE 29.91   90
23   30.2  31.7  12:00am  27.5   5:37am   35    0  0.04   3  18   9:38am   E 30.11   77
24   27.1  28.8  12:00am  25.7  11:36pm   36    0  0.00   7  29   2:21pm ENE 29.92   95
25   28.5  36.1   3:41pm  21.2   7:56am   36    0  0.36   3  10   1:55am   N 30.01   91
26   34.6  48.5  12:24pm  26.2   5:58am   30    0  0.00   3  10   3:10pm   S 30.21   86
27   37.7  46.7  10:52am  35.5   8:10am   27    0  0.50   3  12  12:55pm SSE 30.04   87
28   37.4  43.2   3:23pm  31.2  11:55pm   28    0  0.27   4  14   8:39am NNW 29.95   88
29   32.9  37.3   3:44pm  26.3   7:47am   32    0  0.00   2  10  12:31am NNW 30.28   74
30   41.1  53.5   2:28pm  28.9  12:40am   24    0  0.24   3  14   4:11pm   S 29.90   75
31   37.2  38.5   1:59pm  34.7  11:47pm   28    0  0.50   1  10  12:00am NNW 29.41   97
---------------------------------------------------------------------------------------
TOT  33.1  55.8  3/12/16  13.2   3/1/16  986    0  3.65   2  29  3/24/16   S 30.00   84

HEAT BASE: 65.0
COOL BASE: 65.0