NOAA-Style Climate Reports

Select a Year or Month report
2018: Jan Feb Mar Apr May Jun Jul Aug Sep Oct Nov Dec
2017: Jan Feb Mar Apr May Jun Jul Aug Sep Oct Nov Dec
2016: Jan Feb Mar Apr May Jun Jul Aug Sep Oct Nov Dec
2015: Jan Feb Mar Apr May Jun Jul Aug Sep Oct Nov Dec

Report for 2015 September
                  MONTHLY CLIMATOLOGICAL SUMMARY FOR 9/2015
                                        HEAT  COOL        
     MEAN                               DEG   DEG       WIND SPEED       DOM MEAN  MEAN
DAY  TEMP  HIGH   TIME     LOW   TIME   DAYS  DAYS RAIN AVG  HI  TIME    DIR BAROM HUM
---------------------------------------------------------------------------------------
1    68.4  83.9   1:08pm  60.0   1:36am    1    5  0.00   0   7  12:03pm ENE 29.94   91
2    70.0  75.9   7:00pm  65.5   4:46am    0    5  0.00   0   5   8:28pm ENE 29.91   93
3    66.8  69.2   3:23pm  64.6   7:57am    0    2  0.16   0   6   7:22am   E 29.90   96
4    67.5  73.1   2:30pm  64.2   4:09am    0    3  0.00   0   9   1:30pm   E 30.00   93
5    67.4  73.8   2:37pm  63.5  11:52pm    0    2  0.00   0   7  11:00am ENE 30.02   93
6    75.2  90.8   3:07pm  63.5  12:01am    0   10  0.00   0  13   2:38pm   S 29.93   81
7    74.0  78.7  12:00am  68.0  11:49pm    0    9  0.21   0  11   5:00am   W 29.85   86
8    66.0  68.1  12:00am  62.3   7:28am    0    1  0.95   0  13  11:30pm   W 29.79   97
9    65.8  76.0   4:00pm  57.6   8:30am    2    3  0.01   1  10   6:00am   N 29.85   77
10   62.3  67.0   4:30pm  59.3  11:30pm    3    0  0.02   0  11   6:00pm   N 29.86   82
11   57.1  61.4  11:13am  53.3  11:22pm    8    0  0.01   2  11   8:00am   N 29.95   80
12   56.5  63.2   3:32pm  50.4   7:54am    8    0  0.00   1   8  12:12am   N 29.98   75
13   56.5  66.1   4:16pm  48.9   3:53am    9    0  0.00   1  10   6:37am   N 29.90   74
14   63.5  78.1   4:02pm  51.9   6:01am    5    4  0.00   1  13  12:04pm SSE 29.92   74
15   68.0  82.6   1:57pm  58.3  12:58am    1    4  0.00   1   9  10:27am   S 30.07   79
16   70.4  83.6   2:07pm  60.5   7:49am    1    6  0.00   1  11  12:39pm   S 30.08   70
17   74.5  86.3   2:53pm  65.1  12:00am    0   10  0.00   1  10   2:16pm   S 29.89   65
18   66.7  71.6  12:00am  59.7  11:55pm    1    2  0.02   0   9   5:28am   N 29.75   86
19   59.1  65.1   3:37pm  54.8  11:30pm    6    0  1.26   2  15   5:00pm NNE 29.78   85
20   58.4  73.6   4:00pm  46.0   7:00am    8    2  0.00   1   9  10:30am   S 30.09   79
21   60.7  74.9   3:00pm  50.5   8:00am    7    2  0.00   1   8   2:00pm   S 30.12   75
22   63.6  78.3   3:30pm  52.3   6:00am    5    3  0.00   1  10  12:00pm   S 30.11   73
23   61.2  68.7   3:00pm  53.7  10:00pm    4    0  0.00   0   5   1:30pm  NE 30.26   81
24   61.8  65.7   2:17pm  55.9  12:00am    3    0  0.00   1  11  10:30am   E 30.33   83
25   61.7  67.1   1:10pm  57.7  11:57pm    3    0  0.00   1   8   2:06pm ENE 30.32   88
26   62.1  71.7  11:54am  57.3  12:26am    4    1  0.00   1   9   2:24pm ENE 30.30   88
27   63.0  72.6   2:44pm  52.3   6:49am    4    2  0.00   0   6   1:35pm SSE 30.07   89
28   69.2  79.5   2:44pm  61.3  11:42pm    1    5  0.07   1  14   4:11pm SSE 29.88   82
29   57.3  61.3  12:00am  53.0   9:38pm    8    0  0.01   2  12   9:27am   N 30.02   83
30   53.8  58.0   2:02pm  50.9   7:38am   11    0  0.00   2  14  11:38am   E 30.27   60
---------------------------------------------------------------------------------------
TOT  64.3  90.8   9/6/15  46.0  9/20/15  102   80  2.72   1  15  9/19/15   N 30.00   82

HEAT BASE: 65.0
COOL BASE: 65.0